 Calculate the remainder when h is divided by u.
5
Let a(o) = -25*o + 193. What is the remainder when 89 is divided by a(7)?
17
Suppose 8*x + 25*x = 301 + 227. Calculate the remainder when x is divided by (-40)/(-12) + 4/6.
0
Suppose 0 = -12*v + 4983 - 5955. Let g be ((-12)/2)/(1/(-14)). Let k = g + v. Calculate the remainder when 16 is divided by k.
1
Suppose 489*p - 496*p = -602. What is the remainder when 14446 is divided by p?
84
Suppose -3*a - 4*c = -128, 0 = -3*a + 6*c - c + 164. Let f = -11 - -18. What is the remainder when a is divided by f?
6
Suppose 0 = 29*v + 964989 - 199331. Let m = 67 + -47. Calculate the remainder when v/(-473) - 4/(-22) is divided by m.
16
Let l = 260 + -254. Suppose 5*h - 139 = l. Let f(k) = 2*k - 5. What is the remainder when h is divided by f(5)?
4
Let p = 11248 + -10141. Calculate the remainder when p is divided by 222.
219
Let y(r) = 2*r + 6. Let a(u) = -u**3 - 10*u**2 - 13*u + 24. What is the remainder when a(-9) is divided by y(5)?
12
Suppose 3517 = -281*n + 15038. Calculate the remainder when (-164 - -1)*(-4 + 3) is divided by n.
40
What is the remainder when (1968/(-9) + -10)*2/((-8)/6) is divided by 50?
43
Suppose -19*q + 12*q + 28 = 0. What is the remainder when 175 is divided by ((-8)/12)/(q/(-276))?
37
Let g(s) = 4*s**2 + 5*s - 4. Let n be g(1). Suppose 4*i - 6 = -14. Calculate the remainder when 77 is divided by i/(-30)*n*30.
7
Let x = -5587 + 5671. Let a(w) = w**3 + 9*w**2 - w + 8. What is the remainder when x is divided by a(-9)?
16
Suppose 5*m = 6 + 9. Let j be 2/4 + m + 930/12. Suppose -4*r = -r - j. Calculate the remainder when 188 is divided by r.
26
Let o = 814 - 808. Let w(b) = -b**3 + 2*b**2 + 27*b - 5. What is the remainder when 492 is divided by w(o)?
11
Suppose -3*u = -366*p + 370*p - 4817, p + 4792 = 3*u. Calculate the remainder when u is divided by 22.
15
Calculate the remainder when (-106)/265 - 3081/(-15) is divided by 70.
65
Let y(d) = -2*d**2 + 10*d - 8. Let r be y(3). Suppose -3*n = 3*i - 6*n - 75, r*i - 97 = n. What is the remainder when 143 is divided by i?
23
Let v be (-3)/3*-5 + 0. Let c be (-18)/90 - (-771)/v. Let u = -63 + c. What is the remainder when u is divided by 23?
22
Let l = 312 - 257. Let p = 133 + l. What is the remainder when p is divided by 27?
26
Let w be -93 + 136 + (-8 - 0)/2. Suppose 56*d = w*d + 2210. What is the remainder when d is divided by 33?
31
Let t(m) = 12*m + 512. Suppose 0 = 3*x - 2*y - 38, 3*x - y = -8 + 48. Let l = 23 - x. Calculate the remainder when t(-40) is divided by l.
5
Suppose -266*f + 995657 = -19*f. What is the remainder when f is divided by 63?
62
Suppose -369*h - 21424 = -382*h. Let i = h - 1098. Calculate the remainder when i is divided by 19.
18
Let j = 12878 - 11984. Calculate the remainder when j is divided by 38.
20
Suppose 26*a - 19*a = 1057. Let f = -100 + a. What is the remainder when f is divided by (6 + -5)/(2/26)?
12
Let l(m) = -m**3 - 3*m**2 - 2*m + 2. Let p(q) = -q**3 + 5*q**2 + 2*q. Let j be p(5). What is the remainder when 312/j - 1/5 is divided by l(-3)?
7
Let q = -3058 + 3159. What is the remainder when 283 is divided by q?
81
What is the remainder when 738 is divided by (-79002)/(-108) - (-10)/4*2/10?
6
Let a = -5763 + 6272. Let m = 52 + 12. What is the remainder when a is divided by m?
61
Suppose 0 = q + w + 6, 0 = -0*q - 3*q + 4*w - 46. Let a(y) = -6 - 6*y - 4 - y**2 + 21 - 7*y - 4. What is the remainder when a(q) is divided by 13?
11
Suppose 4*i = 2*z - 6, -z + 5*z - 36 = -4*i. Let o = 1 + z. Suppose -29*g - 456 = -41*g. Calculate the remainder when g is divided by o.
6
Let q be (-1)/((-272)/92 + 3). Let c = 42 + q. Suppose 5*d = -5*o + 460, -3*d - 3*o + 276 = o. What is the remainder when d is divided by c?
16
Let p = 1777 + -1759. Let q be -1 + 4 + 8 + -7. Suppose i - q - 6 = 0. What is the remainder when p is divided by i?
8
Suppose 5*n + 5*l - 98 = 177, 5*l = -2*n + 125. Let b(t) = t - 7. Let z be b(7). Suppose 7*i - 2079 = -z*i. What is the remainder when i is divided by n?
47
Let m(q) = q**2 - 7*q - 11. Let a be m(9). Let n(g) = 3*g**2 - 16*g - 10*g + 14*g + 2. Calculate the remainder when n(a) is divided by 22.
21
Suppose v = -2*v + f + 256, f = -5*v + 440. Let b(j) = -j**3 + 2*j**2 + 358*j - 9. What is the remainder when v is divided by b(-18)?
6
Suppose -5833 = -61*r + 42*r. Calculate the remainder when r is divided by 40.
27
Let k(t) = 658*t + 6323. What is the remainder when k(0) is divided by 15?
8
Let a = 7711 - 7683. What is the remainder when 654 is divided by a?
10
Let u(r) = 28*r**2 + 3*r - 38. What is the remainder when 1610 is divided by u(-4)?
18
Let c(m) = -6*m + 6. Let u be c(-4). Let s be (-3 - u/(-9))*6*5. Let n(l) = -l**2 + 14*l - 15. Calculate the remainder when 148 is divided by n(s).
23
What is the remainder when 392 is divided by (-2)/(-11) + (-10985)/(-143)?
7
Suppose -16*t - 77 - 67 = 0. Let q = 35 + t. Calculate the remainder when q is divided by 15.
11
Let w(p) = p**2 - p - 1. Let h be ((-2)/4)/(14/(-28)). Let l be 2/((-21)/(-15) - h). What is the remainder when 68 is divided by w(l)?
11
Let p(w) be the second derivative of w**5/10 + w**4/4 - 5*w**3/6 + 2*w**2 + 56*w. Calculate the remainder when 41 is divided by p(2).
19
Calculate the remainder when 64 is divided by (1/(-6))/(11/(15 - 741)).
9
Let d = -230 - -235. What is the remainder when 131 is divided by (-44)/d*(1 + (-14)/4)?
21
Suppose -2*u + 12 = u, -v + 308 = 2*u. Suppose -8*g = -18*g + v. Calculate the remainder when 117 is divided by g.
27
Let y = 31 - -5. Let a = -1558 - -1807. What is the remainder when a is divided by y?
33
What is the remainder when ((-18)/28)/((-459)/204) - (-5386)/14 is divided by 195?
190
Let r(d) = 3*d + 76. Let v(l) = 14*l**2 + l + 1. Let f be 2*(3 - (-14)/(-4)). Calculate the remainder when r(-17) is divided by v(f).
11
Suppose 3*w + 4*u - 2 - 27 = 0, 4*w + 4*u - 32 = 0. Suppose 4*j + 141 = w*i, 5*i - 2*i - 3*j = 144. Calculate the remainder when 253 is divided by i.
49
Suppose -3*k - m + 1256 - 92 = 0, -1936 = -5*k - 3*m. Let i(x) = x**2 + 3*x - 3. Calculate the remainder when 12/(-48) - k/(-4) is divided by i(4).
22
Let n = -7263 - -7750. What is the remainder when n is divided by 6?
1
Let t(n) = -111*n - 7. Let z be t(-2). Suppose 65 + z = -5*w. Calculate the remainder when ((-69)/2)/(42/w) is divided by 12.
10
Calculate the remainder when 5/(220/24) + -1*(-6764)/22 is divided by 103.
102
Suppose 49*u - 59*u + 720 = 0. Suppose -q + 2*o + u = 0, 5*q - 248 = -4*o + 140. Calculate the remainder when 300 is divided by q.
72
Let q be ((-455)/(-14))/((-4)/8). Let z = 22 - q. Calculate the remainder when z is divided by 29.
0
Suppose -8*a = -a + 42. Let i(u) = 3*u**2 + 14*u + 13. Calculate the remainder when 105 is divided by i(a).
31
Let r = -2708 - -2720. Suppose 0*a = -5*a + 535. What is the remainder when a is divided by r?
11
Let f = -12527 + 12747. Calculate the remainder when 316 is divided by f.
96
Let h = -1311 - -1362. Calculate the remainder when 761 is divided by h.
47
Let u = -385 - -547. Suppose o + 208 = 2*i - 2*o, -i + o + 103 = 0. Suppose 5*c + 2*r - u = -41, -4*c - 3*r = -i. What is the remainder when c is divided by 14?
9
Suppose 4*v = 4*k + 488, 2*k + 283 + 197 = 4*v. Suppose 3*m - v = -28. Let d(g) = -g**2 + 36*g + 847. Calculate the remainder when d(-14) is divided by m.
27
Let s(r) = -2*r**3 + 25*r**2 + 2*r - 150. Calculate the remainder when 105 is divided by s(12).
15
Let c = 23 - 35. Let g be 2*2*15/c. What is the remainder when (-11)/(275/270)*g is divided by 11?
10
Suppose 43*l + 16*l - 2848 = 27*l. Calculate the remainder when 280 is divided by l.
13
What is the remainder when 614790/930 + (-10)/155 is divided by 36?
13
Suppose 3*z - 230 = 97. Let f(w) = -36*w**3 + 31*w**2 + 28*w - 2. Calculate the remainder when z is divided by f(-1).
35
Suppose 0 = 2*c - 8, -6*v - 2*c + 448 = -2*v. What is the remainder when (v/8)/(196/16 + -12) is divided by 29?
26
Suppose b + 190 = 3*m, -b = -m + 3*b + 67. Let o = 70 - m. Suppose 20 = -o*v + 11*v. What is the remainder when 22 is divided by v?
2
Let h(i) = -i**3 + 24*i**2 + 25*i + 37. Let s be h(25). Let l = -65 + s. Calculate the remainder when 2/1 + (2 - l) is divided by 12.
8
Suppose 3*f = 2*m - 293, -2*m + 10*f = 14*f - 30